{"id":14,"date":"2025-02-13T09:51:52","date_gmt":"2025-02-13T12:51:52","guid":{"rendered":"http:\/\/fondcf.andifes.org.br\/?page_id=14"},"modified":"2025-11-03T16:47:56","modified_gmt":"2025-11-03T19:47:56","slug":"eventos","status":"publish","type":"page","link":"https:\/\/fondcf.andifes.org.br\/index.php\/eventos\/","title":{"rendered":"Eventos"},"content":{"rendered":"\t\t<div data-elementor-type=\"wp-page\" data-elementor-id=\"14\" class=\"elementor elementor-14\">\n\t\t\t\t<div class=\"elementor-element elementor-element-dc6c328 e-flex e-con-boxed e-con e-parent\" data-id=\"dc6c328\" data-element_type=\"container\">\n\t\t\t\t\t<div class=\"e-con-inner\">\n\t\t<div class=\"elementor-element elementor-element-27c9648 e-flex e-con-boxed e-con e-child\" data-id=\"27c9648\" data-element_type=\"container\" data-settings=\"{&quot;background_background&quot;:&quot;classic&quot;}\">\n\t\t\t\t\t<div class=\"e-con-inner\">\n\t\t<div class=\"elementor-element elementor-element-6cb2298 e-con-full e-flex e-con e-child\" data-id=\"6cb2298\" data-element_type=\"container\" data-settings=\"{&quot;background_background&quot;:&quot;classic&quot;}\">\n\t\t\t\t<div class=\"elementor-element elementor-element-904ef03 elementor-widget elementor-widget-heading\" data-id=\"904ef03\" data-element_type=\"widget\" data-widget_type=\"heading.default\">\n\t\t\t\t<div class=\"elementor-widget-container\">\n\t\t\t\t\t<h2 class=\"elementor-heading-title elementor-size-default\">Eventos<\/h2>\t\t\t\t<\/div>\n\t\t\t\t<\/div>\n\t\t\t\t<\/div>\n\t\t<div class=\"elementor-element elementor-element-0000625 e-flex e-con-boxed e-con e-child\" data-id=\"0000625\" data-element_type=\"container\">\n\t\t\t\t\t<div class=\"e-con-inner\">\n\t\t\t\t<div class=\"elementor-element elementor-element-5b7b451 elementor-widget elementor-widget-elementskit-post-list\" data-id=\"5b7b451\" data-element_type=\"widget\" data-widget_type=\"elementskit-post-list.default\">\n\t\t\t\t<div class=\"elementor-widget-container\">\n\t\t\t\t\t<div class=\"ekit-wid-con\" >\t\t<ul class=\"elementor-icon-list-items ekit-post-list-wrapper \">\n\t\t\t\t\t\t<li class=\"elementor-icon-list-item   \">\n\t\t\t\t<a href=\"https:\/\/fondcf.andifes.org.br\/index.php\/2025\/11\/03\/xxxvii-reuniao-ordinaria-fondcf-06-de-novembro-de-2025\/\" >\n\t\t\t\t\t\t\t\t\t\t\t\t\t<span class=\"elementor-icon-list-icon\">\n\t\t\t\t\t\t\t\t\t<i aria-hidden=\"true\" class=\"icon icon-calendar-full\"><\/i>\t\t\t\t\t\t\t\t<\/span>\n\t\t\t\t\t\t\t\t\t\t\t\t<div class=\"ekit_post_list_content_wraper\">\n\t\t\t\t\t\t\t\t\t\t\t\t\t\t\t\t\t\t<div class=\"meta-lists\">\n\t\t\t\t\t\t\t\n\t\t\t\t\t\t\t\t\t\t\t\t\t\t\t\t<span class=\"meta-category\">\n\t\t\t\t\t\t\t\t\t\n\t\t\t\t\t\t\t\t\t\t<i aria-hidden=\"true\" class=\"icon icon-folder\"><\/i>\n\t\t\t\t\t\t\t\t\tEventos\t\t\t\t\t\t\t\t\t<\/span>\n\t\t\t\t\t\t\t\t\t\t\t\t\t\t\t<\/div>\n\t\t\t\t\t\t\n\t\t\t\t\t\t<span class=\"elementor-icon-list-text\">XXXVII Reuni\u00e3o Ordin\u00e1ria FONDCF 06 de novembro de 2025<\/span>\n\n\t\t\t\t\t\t\t\t\t\t\t<\/div>\n\t\t\t\t<\/a>\n\t\t\t<\/li>\n\t\t\t\t\t<li class=\"elementor-icon-list-item   \">\n\t\t\t\t<a href=\"https:\/\/fondcf.andifes.org.br\/index.php\/2024\/11\/21\/xxxv-reuniao-ordinaria-brasilia-df\/\" >\n\t\t\t\t\t\t\t\t\t\t\t\t\t<span class=\"elementor-icon-list-icon\">\n\t\t\t\t\t\t\t\t\t<i aria-hidden=\"true\" class=\"icon icon-calendar-full\"><\/i>\t\t\t\t\t\t\t\t<\/span>\n\t\t\t\t\t\t\t\t\t\t\t\t<div class=\"ekit_post_list_content_wraper\">\n\t\t\t\t\t\t\t\t\t\t\t\t\t\t\t\t\t\t<div class=\"meta-lists\">\n\t\t\t\t\t\t\t\n\t\t\t\t\t\t\t\t\t\t\t\t\t\t\t\t<span class=\"meta-category\">\n\t\t\t\t\t\t\t\t\t\n\t\t\t\t\t\t\t\t\t\t<i aria-hidden=\"true\" class=\"icon icon-folder\"><\/i>\n\t\t\t\t\t\t\t\t\tEventos\t\t\t\t\t\t\t\t\t<\/span>\n\t\t\t\t\t\t\t\t\t\t\t\t\t\t\t<\/div>\n\t\t\t\t\t\t\n\t\t\t\t\t\t<span class=\"elementor-icon-list-text\">XXXV Reuni\u00e3o Ordin\u00e1ria - Bras\u00edlia\/DF 21-11-2024<\/span>\n\n\t\t\t\t\t\t\t\t\t\t\t<\/div>\n\t\t\t\t<\/a>\n\t\t\t<\/li>\n\t\t\t\t\t<li class=\"elementor-icon-list-item   \">\n\t\t\t\t<a href=\"https:\/\/fondcf.andifes.org.br\/index.php\/2023\/04\/24\/xxxiii-reuniao-ordinaria\/\" >\n\t\t\t\t\t\t\t\t\t\t\t\t\t<span class=\"elementor-icon-list-icon\">\n\t\t\t\t\t\t\t\t\t<i aria-hidden=\"true\" class=\"icon icon-calendar-full\"><\/i>\t\t\t\t\t\t\t\t<\/span>\n\t\t\t\t\t\t\t\t\t\t\t\t<div class=\"ekit_post_list_content_wraper\">\n\t\t\t\t\t\t\t\t\t\t\t\t\t\t\t\t\t\t<div class=\"meta-lists\">\n\t\t\t\t\t\t\t\n\t\t\t\t\t\t\t\t\t\t\t\t\t\t\t\t<span class=\"meta-category\">\n\t\t\t\t\t\t\t\t\t\n\t\t\t\t\t\t\t\t\t\t<i aria-hidden=\"true\" class=\"icon icon-folder\"><\/i>\n\t\t\t\t\t\t\t\t\tEventos\t\t\t\t\t\t\t\t\t<\/span>\n\t\t\t\t\t\t\t\t\t\t\t\t\t\t\t<\/div>\n\t\t\t\t\t\t\n\t\t\t\t\t\t<span class=\"elementor-icon-list-text\">XXXIII Reuni\u00e3o Ordin\u00e1ria 24-04-2023<\/span>\n\n\t\t\t\t\t\t\t\t\t\t\t<\/div>\n\t\t\t\t<\/a>\n\t\t\t<\/li>\n\t\t\t\t\t<li class=\"elementor-icon-list-item   \">\n\t\t\t\t<a href=\"https:\/\/fondcf.andifes.org.br\/index.php\/2022\/03\/28\/xxxii-reuniao-ordinaria\/\" >\n\t\t\t\t\t\t\t\t\t\t\t\t\t<span class=\"elementor-icon-list-icon\">\n\t\t\t\t\t\t\t\t\t<i aria-hidden=\"true\" class=\"icon icon-calendar-full\"><\/i>\t\t\t\t\t\t\t\t<\/span>\n\t\t\t\t\t\t\t\t\t\t\t\t<div class=\"ekit_post_list_content_wraper\">\n\t\t\t\t\t\t\t\t\t\t\t\t\t\t\t\t\t\t<div class=\"meta-lists\">\n\t\t\t\t\t\t\t\n\t\t\t\t\t\t\t\t\t\t\t\t\t\t\t\t<span class=\"meta-category\">\n\t\t\t\t\t\t\t\t\t\n\t\t\t\t\t\t\t\t\t\t<i aria-hidden=\"true\" class=\"icon icon-folder\"><\/i>\n\t\t\t\t\t\t\t\t\tEventos\t\t\t\t\t\t\t\t\t<\/span>\n\t\t\t\t\t\t\t\t\t\t\t\t\t\t\t<\/div>\n\t\t\t\t\t\t\n\t\t\t\t\t\t<span class=\"elementor-icon-list-text\">XXXII Reuni\u00e3o Ordin\u00e1ria 28-03-2022<\/span>\n\n\t\t\t\t\t\t\t\t\t\t\t<\/div>\n\t\t\t\t<\/a>\n\t\t\t<\/li>\n\t\t\t\t<\/ul>\n\t\t<\/div>\t\t\t\t<\/div>\n\t\t\t\t<\/div>\n\t\t\t\t\t<\/div>\n\t\t\t\t<\/div>\n\t\t\t\t\t<\/div>\n\t\t\t\t<\/div>\n\t\t\t\t\t<\/div>\n\t\t\t\t<\/div>\n\t\t\t\t<\/div>\n\t\t","protected":false},"excerpt":{"rendered":"<p>Eventos Eventos F\u00f3rum FONDCF 06 de novembro de 2025 Eventos XXXV Reuni\u00e3o Ordin\u00e1ria &#8211; Bras\u00edlia\/DF 21-11-2024 Eventos XXXIII Reuni\u00e3o Ordin\u00e1ria 24-04-2023 Eventos XXXII Reuni\u00e3o Ordin\u00e1ria 28-03-2022<\/p>\n","protected":false},"author":1,"featured_media":0,"parent":0,"menu_order":0,"comment_status":"closed","ping_status":"closed","template":"elementor_header_footer","meta":{"footnotes":""},"class_list":["post-14","page","type-page","status-publish","hentry"],"_links":{"self":[{"href":"https:\/\/fondcf.andifes.org.br\/index.php\/wp-json\/wp\/v2\/pages\/14","targetHints":{"allow":["GET"]}}],"collection":[{"href":"https:\/\/fondcf.andifes.org.br\/index.php\/wp-json\/wp\/v2\/pages"}],"about":[{"href":"https:\/\/fondcf.andifes.org.br\/index.php\/wp-json\/wp\/v2\/types\/page"}],"author":[{"embeddable":true,"href":"https:\/\/fondcf.andifes.org.br\/index.php\/wp-json\/wp\/v2\/users\/1"}],"replies":[{"embeddable":true,"href":"https:\/\/fondcf.andifes.org.br\/index.php\/wp-json\/wp\/v2\/comments?post=14"}],"version-history":[{"count":40,"href":"https:\/\/fondcf.andifes.org.br\/index.php\/wp-json\/wp\/v2\/pages\/14\/revisions"}],"predecessor-version":[{"id":1075,"href":"https:\/\/fondcf.andifes.org.br\/index.php\/wp-json\/wp\/v2\/pages\/14\/revisions\/1075"}],"wp:attachment":[{"href":"https:\/\/fondcf.andifes.org.br\/index.php\/wp-json\/wp\/v2\/media?parent=14"}],"curies":[{"name":"wp","href":"https:\/\/api.w.org\/{rel}","templated":true}]}}

<div data-elementor-type="wp-page" data-elementor-id="14" class="elementor elementor-14">
				<div class="elementor-element elementor-element-dc6c328 e-flex e-con-boxed e-con e-parent" data-id="dc6c328" data-element_type="container">
					<div class="e-con-inner">
		<div class="elementor-element elementor-element-27c9648 e-flex e-con-boxed e-con e-child" data-id="27c9648" data-element_type="container" data-settings="{&quot;background_background&quot;:&quot;classic&quot;}">
					<div class="e-con-inner">
		<div class="elementor-element elementor-element-6cb2298 e-con-full e-flex e-con e-child" data-id="6cb2298" data-element_type="container" data-settings="{&quot;background_background&quot;:&quot;classic&quot;}">
				<div class="elementor-element elementor-element-904ef03 elementor-widget elementor-widget-heading" data-id="904ef03" data-element_type="widget" data-widget_type="heading.default">
				<div class="elementor-widget-container">
					<h2 class="elementor-heading-title elementor-size-default">Eventos</h2>				</div>
				</div>
				</div>
		<div class="elementor-element elementor-element-0000625 e-flex e-con-boxed e-con e-child" data-id="0000625" data-element_type="container">
					<div class="e-con-inner">
				<div class="elementor-element elementor-element-5b7b451 elementor-widget elementor-widget-elementskit-post-list" data-id="5b7b451" data-element_type="widget" data-widget_type="elementskit-post-list.default">
				<div class="elementor-widget-container">
					<div class="ekit-wid-con" >		<ul class="elementor-icon-list-items ekit-post-list-wrapper ">
						<li class="elementor-icon-list-item   ">
				<a href="https://fondcf.andifes.org.br/index.php/2025/11/03/xxxvii-reuniao-ordinaria-fondcf-06-de-novembro-de-2025/" >
													<span class="elementor-icon-list-icon">
									<i aria-hidden="true" class="icon icon-calendar-full"></i>								</span>
												<div class="ekit_post_list_content_wraper">
																		<div class="meta-lists">
							
																<span class="meta-category">
									
										<i aria-hidden="true" class="icon icon-folder"></i>
									Eventos									</span>
															</div>
						
						<span class="elementor-icon-list-text">XXXVII Reunião Ordinária FONDCF 06 de novembro de 2025</span>

											</div>
				</a>
			</li>
					<li class="elementor-icon-list-item   ">
				<a href="https://fondcf.andifes.org.br/index.php/2024/11/21/xxxv-reuniao-ordinaria-brasilia-df/" >
													<span class="elementor-icon-list-icon">
									<i aria-hidden="true" class="icon icon-calendar-full"></i>								</span>
												<div class="ekit_post_list_content_wraper">
																		<div class="meta-lists">
							
																<span class="meta-category">
									
										<i aria-hidden="true" class="icon icon-folder"></i>
									Eventos									</span>
															</div>
						
						<span class="elementor-icon-list-text">XXXV Reunião Ordinária - Brasília/DF 21-11-2024</span>

											</div>
				</a>
			</li>
					<li class="elementor-icon-list-item   ">
				<a href="https://fondcf.andifes.org.br/index.php/2023/04/24/xxxiii-reuniao-ordinaria/" >
													<span class="elementor-icon-list-icon">
									<i aria-hidden="true" class="icon icon-calendar-full"></i>								</span>
												<div class="ekit_post_list_content_wraper">
																		<div class="meta-lists">
							
																<span class="meta-category">
									
										<i aria-hidden="true" class="icon icon-folder"></i>
									Eventos									</span>
															</div>
						
						<span class="elementor-icon-list-text">XXXIII Reunião Ordinária 24-04-2023</span>

											</div>
				</a>
			</li>
					<li class="elementor-icon-list-item   ">
				<a href="https://fondcf.andifes.org.br/index.php/2022/03/28/xxxii-reuniao-ordinaria/" >
													<span class="elementor-icon-list-icon">
									<i aria-hidden="true" class="icon icon-calendar-full"></i>								</span>
												<div class="ekit_post_list_content_wraper">
																		<div class="meta-lists">
							
																<span class="meta-category">
									
										<i aria-hidden="true" class="icon icon-folder"></i>
									Eventos									</span>
															</div>
						
						<span class="elementor-icon-list-text">XXXII Reunião Ordinária 28-03-2022</span>

											</div>
				</a>
			</li>
				</ul>
		</div>				</div>
				</div>
					</div>
				</div>
					</div>
				</div>
					</div>
				</div>
				</div>

<p>Eventos Eventos Fórum FONDCF 06 de novembro de 2025 Eventos XXXV Reunião Ordinária &#8211; Brasília/DF 21-11-2024 Eventos XXXIII Reunião Ordinária 24-04-2023 Eventos XXXII Reunião Ordinária 28-03-2022</p>
